{"id":105,"date":"2024-08-17T20:09:07","date_gmt":"2024-08-17T18:09:07","guid":{"rendered":"https:\/\/fermedesluys.fr\/?page_id=105"},"modified":"2024-08-17T20:54:57","modified_gmt":"2024-08-17T18:54:57","slug":"commander-en-ligne","status":"publish","type":"page","link":"https:\/\/fermedesluys.fr\/index.php\/commander-en-ligne\/","title":{"rendered":"Commander en ligne"},"content":{"rendered":"\n<div class=\"wp-block-media-text is-stacked-on-mobile\"><figure class=\"wp-block-media-text__media\"><img loading=\"lazy\" decoding=\"async\" width=\"1024\" height=\"682\" src=\"http:\/\/fermedesluys.fr\/wp-content\/uploads\/2024\/08\/DC8A8766-1024x682.jpg\" alt=\"\" class=\"wp-image-108 size-full\" srcset=\"https:\/\/fermedesluys.fr\/wp-content\/uploads\/2024\/08\/DC8A8766-1024x682.jpg 1024w, https:\/\/fermedesluys.fr\/wp-content\/uploads\/2024\/08\/DC8A8766-300x200.jpg 300w, https:\/\/fermedesluys.fr\/wp-content\/uploads\/2024\/08\/DC8A8766-768x512.jpg 768w, https:\/\/fermedesluys.fr\/wp-content\/uploads\/2024\/08\/DC8A8766.jpg 1280w\" sizes=\"auto, (max-width: 1024px) 100vw, 1024px\" \/><\/figure><div class=\"wp-block-media-text__content\">\n<p class=\"has-text-align-center has-text-color has-link-color wp-elements-bab12bd7ae17c0fd69b8b05421c06bb2\" style=\"color:#7c0000;font-size:24px;line-height:1.6\">Pour les plus modernes d&#8217;entre vous, nous disposons d&#8217;un site de commandes en ligne.<br>En ce moment, il est en phase de mise \u00e0 jour, il ne devrait pas tarder \u00e0 \u00eatre \u00e0 nouveau disponible.<br><br>Merci pour votre patience !<\/p>\n<\/div><\/div>\n","protected":false},"excerpt":{"rendered":"<p>Pour les plus modernes d&#8217;entre vous, nous disposons d&#8217;un site de commandes en ligne.En ce moment, il est en phase de mise \u00e0 jour, il ne devrait pas tarder \u00e0 \u00eatre \u00e0 nouveau disponible. Merci pour votre patience !<\/p>\n","protected":false},"author":1,"featured_media":0,"parent":0,"menu_order":0,"comment_status":"closed","ping_status":"closed","template":"","meta":{"footnotes":""},"class_list":["post-105","page","type-page","status-publish","hentry"],"_links":{"self":[{"href":"https:\/\/fermedesluys.fr\/index.php\/wp-json\/wp\/v2\/pages\/105","targetHints":{"allow":["GET"]}}],"collection":[{"href":"https:\/\/fermedesluys.fr\/index.php\/wp-json\/wp\/v2\/pages"}],"about":[{"href":"https:\/\/fermedesluys.fr\/index.php\/wp-json\/wp\/v2\/types\/page"}],"author":[{"embeddable":true,"href":"https:\/\/fermedesluys.fr\/index.php\/wp-json\/wp\/v2\/users\/1"}],"replies":[{"embeddable":true,"href":"https:\/\/fermedesluys.fr\/index.php\/wp-json\/wp\/v2\/comments?post=105"}],"version-history":[{"count":2,"href":"https:\/\/fermedesluys.fr\/index.php\/wp-json\/wp\/v2\/pages\/105\/revisions"}],"predecessor-version":[{"id":116,"href":"https:\/\/fermedesluys.fr\/index.php\/wp-json\/wp\/v2\/pages\/105\/revisions\/116"}],"wp:attachment":[{"href":"https:\/\/fermedesluys.fr\/index.php\/wp-json\/wp\/v2\/media?parent=105"}],"curies":[{"name":"wp","href":"https:\/\/api.w.org\/{rel}","templated":true}]}}